6*w + 10*w. What is q(p)?
-8
Suppose -4*q + 5 = -5*t + 1, -3*t + 42 = 5*q. Suppose -q*b + b - 4*r = -30, 2*b = r - 1. Let w(a) = -a + 2 - b. Calculate w(-5).
5
Let x(t) = -2*t**2 + 10*t - 7. Let a = 15 - 11. Let h(r) = 4*r**2 - 21*r + 15. Let u(w) = a*h(w) + 9*x(w). Give u(4).
-11
Suppose -g - 3 = -2*c, 3*g + 7 = 2*c + 3*c. Let i = -8 + 12. Let z(u) = i*u - 4*u + u - 4. Determine z(c).
-2
Let y(a) be the first derivative of a**5/60 - a**4/24 - 3*a**3/2 - 3*a**2 + 5. Let r(z) be the second derivative of y(z). Determine r(0).
-9
Let n(a) = -4 + 1 - 4*a + 4. Determine n(2).
-7
Let q(n) = -12 + 10 + n**2 + 4. Suppose -3*l + 8*l = 0. What is q(l)?
2
Suppose 45 = 5*s - b, -5*s - 11 + 41 = 2*b. Let i(v) = -v**2 + 11*v - 11. Give i(s).
13
Let n(m) = 3*m - 6. Suppose -31 = -5*y - 11. Determine n(y).
6
Let a(w) = w - 3. Let b be a(9). Let y(t) = -4*t + b*t + 1 - 5 - 1. Give y(4).
3
Let f = -68 + 44. Let d = -17 - f. Let w(u) = -u - 1 + 3*u**3 + d*u**2 - 2*u**3 - 5*u**2. Determine w(-3).
-7
Suppose 3*t + 23 = 2. Let m be (t/28)/(2/(-16)). Let n(c) = -c**3 + 3*c**2 + 3*c - 1. What is n(m)?
9
Let d(a) = 0 - 7 + 7*a - 5 + 7 - a**2. What is d(5)?
5
Let d(u) be the second derivative of -u**5/20 - u**4/12 - 2*u**2 - 5*u. Determine d(0).
-4
Let t(c) be the first derivative of 2*c**3/3 - 5*c**2/2 - c + 1. Suppose 11*m - 26 = 18. Determine t(m).
11
Let z(t) = t - 7. Let k = -47 + 56. What is z(k)?
2
Let o(g) be the third derivative of -1/3*g**3 - 1/24*g**4 + 0 + g**2 + 0*g. Determine o(3).
-5
Let q(r) = 3*r**2 + r. Suppose 10 + 10 = 2*a. Suppose -4*w = w + a. Let g = w - -1. Calculate q(g).
2
Let y(g) = 4*g + 2. Let z(u) = 9*u + 3. Let f(b) = -5*y(b) + 3*z(b). Suppose -p = -4*k + 13, -4*p - 5*k = -6*k + 7. Give f(p).
-8
Let t = -5 - -13. Let m(u) = -3 - u**2 - t - u + 13. Suppose -2*n + 16 = -4*k, 4*n - 3 + 4 = -3*k. Calculate m(k).
-4
Suppose 34 = -5*w + 3*h + 13, -h = -2. Let i(u) = 3*u + 5. Let m(k) = -3*k - 4. Let s(o) = -2*i(o) - 3*m(o). Give s(w).
-7
Let i(m) = 8*m**2 - 4*m + 5. Let h(j) = -17*j**2 + 9*j - 11. Let k(n) = 4*h(n) + 9*i(n). Let r(f) = -3*f**2 - f - 1. Let v(p) = 4*k(p) + 5*r(p). Give v(3).
-7
Let s(h) be the first derivative of 3 - 2/3*h**3 + 1/2*h**4 - 2*h + 1/2*h**2. Calculate s(2).
8
Let d(r) be the second derivative of r**3/6 + r**2/2 + 3*r. Suppose -23 = -5*z + 57. Let a = z - 11. What is d(a)?
6
Let p(w) = -w - 1. Let t = 144 - 146. Determine p(t).
1
Let s(r) be the second derivative of r**3 + 1/12*r**4 + r**2 - 3*r + 0. Let z = -22 + 16. Calculate s(z).
2
Let k(q) = q**3 + 2*q + 0*q**2 - 7*q**2 - 65 + 62. Determine k(7).
11
Suppose 2*a = a. Suppose -3*k - 6 = 3*j, 5*k - j = 2*k + 6. Let d(v) = -k + v**2 + 5 - 2. What is d(a)?
2
Let a(q) = q**2 - 2*q. Let l be a(2). Let u(r) be the first derivative of 2/3*r**3 + l*r + 2 - 2*r**2. What is u(3)?
6
Let d(a) be the second derivative of a**3/3 + a**2 - 3*a. Give d(3).
8
Let w(j) = -j**3 - 7*j**2 - 5*j + 6. Suppose 4*q - 2*q = -12. Give w(q).
0
Suppose 4*v + 17 = 5*z, -2*z + 1 = 3*v - 3*z. Let q(m) = 0*m + 0 - 1 + m - v*m. Calculate q(-5).
4
Let a(c) = 4*c + 3. Let i(v) = -2*v. Let m(t) = a(t) + 3*i(t). Give m(5).
-7
Suppose -2*k = j - 20, -k - 29 = -j - 6*k. Let a(r) = -4 + r + 0 + j. What is a(-5)?
5
Let k(j) = 6*j**2 - j. Let a(g) = -23*g**2 + 4*g. Let v(d) = 2*a(d) + 9*k(d). What is v(1)?
7
Suppose r + 5 = -5*k, 4*r + 4*k - 10 - 2 = 0. Let d(s) = s**2 - 10 + 3 - s - 4*s. Give d(r).
-7
Let a(g) = -g**3 - 3*g**2 + g - 1. Suppose -2*k = 41 - 37. Give a(k).
-7
Let g = -44 + 40. Let p(r) = -2*r - 3. Determine p(g).
5
Let l(o) be the second derivative of o**5/2 + o**3/3 - o**2/2 + 18*o. Give l(1).
11
Let r(v) = v**2 - 1. Let j be r(2). Let o(a) = j*a - 4*a - a. Let l be ((-4)/6)/(32/(-144)). Determine o(l).
-6
Let h(o) = -o**3 + 3*o**2 - 6. Let z(q) = 2*q**3 - 6*q**2 + 11. Let n(k) = 7*h(k) + 4*z(k). Let y be (-4)/(-6)*72/16. Calculate n(y).
2
Let p be 4*((-15)/4)/(-5). Let q(o) = 2 + 0*o**3 + 4*o - 2*o**3 - 8*o - 3*o**2 + p*o**3. Determine q(4).
2
Let c(r) be the first derivative of -r**2 + 5*r - 3. Determine c(6).
-7
Let y(h) = h**2 - 3*h - 4. Suppose 0*q = 7*q - 35. Determine y(q).
6
Let y(a) = -2*a + 5. Let j be y(4). Let l(z) be the first derivative of z**4/4 + 4*z**3/3 + z**2/2 - 2*z - 23. Calculate l(j).
4
Suppose 0 = 4*b - 12. Let y(z) be the first derivative of z**2 + 2 - 1/4*z**4 - 2*z + 2/3*z**b. Calculate y(3).
-5
Suppose -4 = -2*l + l. Suppose 5*o = u + l*o - 7, -2*o = -4*u + 20. Let k(v) = -v - 4*v + u + 4*v. Give k(2).
1
Let k(r) = r**2 - 4*r + 5. Let m(x) = -6*x**2 - x**3 + 2 + 5 + 6*x + 4 - 13. Let h be m(-7). Determine k(h).
10
Let z(u) = -u**3 + 2*u**2 + 3*u + 4. Let o be (23/69)/(1/12). Calculate z(o).
-16
Let v(r) = r**3 + r**2 + r + 9. Let y(q) = q**2 + 10*q. Suppose 0*k + 2*k + 20 = 0. Let b be y(k). Determine v(b).
9
Suppose 4*l - 15 - 1 = 0. Let i(o) = -9 + o + 5 - l. Determine i(0).
-8
Let t(g) be the third derivative of 1/6*g**3 - 1/24*g**4 - 5*g**2 - 1/15*g**5 + 0 + 1/120*g**6 + 0*g. Determine t(2).
-9
Let g(y) = y**2 - 6*y + 1. Let o(u) = u**2 - 6*u. Let k(h) = 2*g(h) - 3*o(h). Calculate k(6).
2
Let k(g) = 12*g - 3. Let d(b) = 10*b - 3. Let x(n) = 7*d(n) - 6*k(n). Determine x(-4).
5
Let r be (-1188)/(-55) - (-3)/(-5). Let t = -22 + r. Let y(g) = 3*g. What is y(t)?
-3
Let d(y) = -8 + y - y**2 + 5 + 5 - 6*y. Determine d(-5).
2
Let w(q) = -q**2 + 4 + 9*q - 5 + 1 - 5. What is w(6)?
13
Let i(q) = q - 2. Let n(o) = o**3 - 6*o**2 + 5*o + 1. Let c be n(5). Determine i(c).
-1
Let s(w) = -w**2 + 1. Suppose 7 = l - 2*d, 2*d + 3*d + 16 = 4*l. What is s(l)?
0
Let w(f) be the second derivative of -f**6/360 - f**5/20 + f**4/8 + 5*f**3/3 + 9*f. Let v(s) be the second derivative of w(s). Determine v(-7).
-4
Let m be (-3)/(-4)*16/4. Suppose c - 5 = -m*q + 2, 2*q + 3*c = -7. Let w(i) = -i - 3. Determine w(q).
-7
Suppose 12 = -4*f + 32. Let u(j) = -j**2 + 4*j - 2. What is u(f)?
-7
Let b(t) be the second derivative of -t**3/6 + 3*t**2/2 + 13*t. Give b(7).
-4
Let n be (-4)/14 - (0 - (-120)/21). Let f(v) = -v**3 - 6*v**2 - v - 4. Calculate f(n).
2
Let z be (-2)/(0 - (-1)/(-2)). Let s(i) = -6 - i**3 - 5 + i + 1 + z. Determine s(0).
-6
Suppose 2*t + 5*b - 6 = 0, -3*t + 0*b + 19 = 5*b. Let v = -16 + t. Let z(h) = 2*h + 4. Calculate z(v).
-2
Let w(u) be the third derivative of u**6/360 - u**5/60 - u**4/8 - u**3/2 + 5*u**2. Let g(q) be the first derivative of w(q). What is g(-2)?
5
Let h(a) = a**2 - 4*a + 4. Suppose 0 = -6*v + 2*v + 16. Suppose -2 - 14 = -v*z. Calculate h(z).
4
Let q(s) = s**3 + 5*s**2 - 6*s + 3. Let u be q(-6). Suppose -6*a + u*a + 4*h = -2, 8 = 4*a - 4*h. Let d(p) = -2*p + 6. Calculate d(a).
-6
Let l(s) = -s**3 - s**2 - 6*s + 7. Let a(z) = 2*z**3 + 3*z**2 + 13*z - 15. Let r(h) = -4*a(h) - 9*l(h). Suppose -1 = -5*k + 14. Determine r(k).
3
Let c be 3/3*(2 + 1). Let f(i) = -7*i**2 - 2 + i - i**c + 2 + 3. Let t be f(-7). Let m(d) = -d + 1. Give m(t).
5
Let b = 31 - 27. Let l(k) = k**2 - 3*k - 1. Calculate l(b).
3
Let h(o) = -7*o**2 + o + 1. Let n be (1/2)/((-1)/2). Give h(n).
-7
Let b(o) = 2*o + 1 - 2 - 5*o**2 + 3*o**2 - o**3. Suppose 5*j = -2*s - 20, -4*j + 2*s = -3*j - 8. Calculate b(j).
-5
Let i(p) = p**2 - 6*p - 8. Suppose 4*j = -4*m + 20, -5*j + 29 = -3*m + 6*m. Give i(j).
-1
Let b(r) = r + 5. Suppose 5 = 2*n + 3*n. Let l = n - 1. Suppose l = -y + 2*y. Give b(y).
5
Let b(i) = -i**3 - 6*i**2 - 4*i + 1. Suppose -3 - 12 = 3*l. What is b(l)?
-4
Let r(u) = u**2 + 2*u + 2. Let j be r(-2). Let d(h) = -h**3 - 3 + 1 + 3*h**2 + 2*h - 4*h**2 + 3*h**j. What is d(3)?
-5
Let l(o) = 7*o - 1. Let c be 2/(10/(-4) + 3). Suppose c*j + 4*d = d + 19, -4*j - 5*d = -29. Calculate l(j).
6
Let q(m) be the second derivative of m**7/840 + m**6/90 - m**5/24 - 7*m**4/24 - m**3/6 - 2*m. Let i(s) be the second derivative of q(s). What is i(-5)?
-7
Let v(n) = 5*n + 1. Let p be 1 - (0 + 28/(-2)). Let m = p + 2. Suppose 0 = -3*r - 2*q - 3*q + m, 0 = r - 5*q + 21. Calculate v(r).
-4
Let s be ((-39)/(-26))/(1 - 10/16). Let p(x) = x**2 - 9*x + 4. Let q(f) = f. Let y(h) = -p(h) - 5*q(h). Give y(s).
-4
Let v(k) = -1. Let f(i) = i + 4. Let x(m) = f(m) + 2*v(m). Determine x(-6).
-4
Suppose 3*f = 4 + 14. Let c(g) = -2*g**2 + 16*g + 1. Let d(t) = t**2 - 8*t - 1. Let m(q) = 3*c(q) + 5*d(q). Determine m(f).
10
Sup